+ 12, 12 = 4*w + 4*k. Let t(q) = 7*q - 2. Determine t(w).
12
Let g(q) = q**2 + 5*q + 4. Suppose -6*r = -81 - 87. Suppose 5 = -29*l + r*l. What is g(l)?
4
Let m(d) = d**3 - 9*d**2 - d + 9. Suppose 3 = o + 10*n - 9*n, -2*n = o + 2. Suppose o*p - 66 = 6. Determine m(p).
0
Let y(f) = -f**3 - 6*f**2 + 9*f + 5. Let l(x) = -x**2 - 11*x + 119. Let b be l(-18). Determine y(b).
-9
Let f(j) = -5*j + 59 + 19*j**2 - 55 - 20*j**2 - j. Give f(-6).
4
Suppose 0 = 3*s - 28 - 35. Let i(x) = -23*x**2 + 1 + s*x**2 - x - 3*x**3 + 4*x**3. Determine i(2).
-1
Let t(u) be the second derivative of u**5/20 + 7*u**4/12 - 4*u**3/3 - u**2 - u - 70. Let f(j) = -8*j. Let y be f(1). Determine t(y).
-2
Let l(y) be the second derivative of -y**3/2 + y**2/2 + 2*y - 1. Let x(r) = r**3 - 5*r**2 + 4*r + 3. Let b be x(4). Suppose -b = d - 5. Give l(d).
-5
Let t(b) = 2*b**3 - 5*b**2 + 5*b - 6. Let s be t(3). Suppose s = -10*g + 13*g. Let l(o) be the first derivative of -o**3/3 + 7*o**2/2 + 6*o - 5. What is l(g)?
12
Suppose 2*s - 6*s = -z, 0 = 3*s + z. Let h = s - -3. Suppose -d - 14 = h*u, -2*u - 10 = 4*d + 6. Let y(n) = n**3 + 4*n**2 + n. What is y(u)?
-4
Let t(f) be the third derivative of -f**5/40 - f**4/8 - f**3/2 + 14*f**2. Let h(r) be the first derivative of t(r). Calculate h(3).
-12
Let w(c) = -3*c**3 + 14*c**2 + 10*c + 10. Let h(a) = a**3 - 5*a**2 - 3*a - 3. Suppose -d = -6*d + 10. Let s(n) = d*w(n) + 7*h(n). Give s(7).
-8
Let f be (6 + -4)*6/4. Let l(o) = 8 + f*o - 2 - 4*o. Let x(s) = s**3 - 3*s**2 - 2*s - 5. Let z be x(4). Determine l(z).
3
Let c = -772 + 766. Let t(p) be the first derivative of 1/3*p**3 + 3*p**2 - 1 + 2*p. What is t(c)?
2
Suppose 0 = y + 4*y. Let w(n) be the first derivative of -11*n - 3 - 1/4*n**4 + 1/3*n**3 + 1/2*n**2. What is w(y)?
-11
Let p(l) = -l**2 + 12*l - 9. Let n(z) = -z**2 - 28*z - 170. Let r be n(-18). What is p(r)?
11
Let k(l) be the first derivative of l**2/2 - 3*l + 2. Let p be k(7). Let b be (-72)/39 - p/26. Let u(i) = -i. What is u(b)?
2
Suppose 5*z - 24 = 3*i - 2*i, z - 10 = -5*i. Suppose -4*l = -3*a - 0*a - 33, 0 = l - z*a - 21. Let o = l - 9. Let c(r) = r**3 + 4*r**2 + 3*r. Determine c(o).
0
Let a(t) = -13*t**3 - 55*t**2 + 30*t + 15. Let z(y) = 6*y**3 + 26*y**2 - 14*y - 7. Let k(w) = -8*a(w) - 17*z(w). Determine k(-1).
-3
Let d(v) = v**3 - 7*v**2 - v + 8. Let s be (1/(-1))/((-10)/70). Let t be d(s). Let c be t/(-1)*1*1. Let o(f) = -13*f. Determine o(c).
13
Suppose -5*q - 51 = a, 5*a = 4*q + 45 - 10. Let v be (-6)/q - 24/15. Let h(j) = -1 + 7 - 2 - 5 - 3*j. Calculate h(v).
2
Let t be (10*1/4)/((-810)/648). Let g(v) = -12*v - 3. Calculate g(t).
21
Let m(z) = 10*z**2 - z**2 + z**3 - 15*z**2 - 2 + z. Calculate m(5).
-22
Let l(t) be the first derivative of t**6/360 + t**5/120 + 2*t**3 + 8. Let v(i) be the third derivative of l(i). Let y be 8/(-6)*6/4. What is v(y)?
2
Let i(u) = -10*u**2 - u**3 - 16*u**2 + 17*u**2 + 2. Let t = 17 + -26. Give i(t).
2
Let g(p) be the second derivative of p**6/180 - p**5/30 + p**4/4 + 9*p. Let i(v) be the third derivative of g(v). What is i(4)?
12
Let v(d) = -4*d**3 - 6*d**2 + 3*d. Let t(j) = -5*j**3 - 6*j**2 + j + 1. Let h(u) = -2*t(u) + 3*v(u). Determine h(-5).
63
Let t(b) = -5*b**2 - 31*b + 116. Let k(u) = 2*u**2 + 10*u - 40. Let d(x) = 8*k(x) + 3*t(x). What is d(10)?
-2
Let i(s) = 36*s**2 - 3*s - 66*s**2 - 2 + 27*s**2. Calculate i(-2).
-8
Let u(h) = -1 - 13*h - 22*h + 2*h + 69*h. Calculate u(-1).
-37
Let a(f) = -17*f - 19. Let b(y) = -24*y - 28. Let t(k) = 7*a(k) - 5*b(k). Give t(7).
14
Let f(n) = -4 - 11*n + 12*n + n**2 - 3*n. Give f(4).
4
Let g(u) be the second derivative of -u**4/12 + u**3 - 3*u**2/2 + 11*u + 3. Suppose 3*q + q = 24. What is g(q)?
-3
Let y(l) = l**2 + l. Let v(b) = -b**3 + 3*b**2 - 12*b + 8. Let c(h) = -v(h) - 4*y(h). Suppose -4*q + q = -12, 3*x = 3*q + 6. Determine c(x).
4
Suppose 0 = -h - 95 + 102. Let x(p) = -p**2 + 1. Let g(w) = 2*w**2 + 7*w - 6. Let k(o) = -g(o) - 3*x(o). Determine k(h).
3
Let v be (-1)/3 + (-3920)/(-15). Suppose -4*i - 3*k = i - v, -3*k - 9 = 0. Let b be i/8 - (-6)/(-8). Let q(r) = r + 3. Determine q(b).
9
Let d(w) be the second derivative of -w**3/3 + 3*w**2/2 + w. Suppose 0 = -3*s - 14 + 32. Suppose 12 = 2*a + 4*l - s*l, -2*l - 6 = a. Calculate d(a).
-1
Let u = -65 - -52. Let p(s) = -s**3 - 13*s**2 + 5. Calculate p(u).
5
Let h(m) = -18*m. Let y be 9/(-189)*19 + 4/(-42). Calculate h(y).
18
Let v(b) = -2*b**3 + b**2 + b. Let u be (-51)/17 - (-3 + 1). Calculate v(u).
2
Suppose 2*v + 3*g - 737 = 0, 4*v - 1504 = 2*g + 2*g. Suppose v = 4*o - 167. Let j(l) = -l + 133 - o + 0*l. Calculate j(-2).
0
Let s(m) = m**3 - 4*m**2 - m + 3. Let t be (-21)/27 - (-2)/(-9). Let j be -10 + 4/4 - t. Let u = -5 - j. What is s(u)?
-9
Suppose -5*g = 4*r - 47, 11*r + 3*g - 75 = 6*r. Let p(f) = -f**3 + 17*f**2 + 18*f - 12. Calculate p(r).
-12
Let q(i) = -i**2 + 2*i + 1. Suppose -36 = 3*m + 3*k, 3*m + 5*k + 12 = -24. Let n(g) = g + 14. Let c be n(m). Suppose -c*b + 16 = 2*b. Give q(b).
-7
Let a(x) = 5*x + 1. Let q(z) = -11*z - 3. Let t(m) = -13*a(m) - 6*q(m). Let p(c) = -c**2 - 12*c - 7. Let b be p(-11). Give t(b).
9
Let l(x) = 19*x - 1. Let t(s) = -30*s + 2. Let k(w) = 8*l(w) + 5*t(w). Give k(-8).
-14
Let w = 57 + -26. Let p(z) = 3 - w*z**2 + 29*z**2 - 4*z - 3. Determine p(-3).
-6
Let b(j) = 0*j**3 + j**2 + 0*j**2 - 2 + j**3 - j. Let c(k) = -3 - 29*k**2 + 1 + 8*k + 31*k**2. Let l be c(-4). Calculate b(l).
-4
Suppose 55 = -i + z, -4*i + 31 = -5*z + 249. Let a = 53 + i. Let x(n) = -n**3 - 4*n**2 - 3*n. What is x(a)?
12
Let g(j) = -j**2 + 15*j - 3. Let t(s) = -3*s**2 - 2*s + 4 - 1 + 4*s**2 - 12*s. Let l(v) = 4*g(v) + 5*t(v). Let x(w) be the first derivative of l(w). Give x(7).
4
Let g(r) = r - 203 + 238 - 3*r. Calculate g(19).
-3
Let d(r) = 3*r + 2. Let x be d(-2). Let v(n) = -1 - 22*n - 21*n + 42*n. What is v(x)?
3
Suppose 0 = 2*a + 7 - 1. Let k = 92 - 90. Let h(m) = -2 - 3*m - m**k + 2*m - m. Determine h(a).
-5
Suppose -9*k - 7 - 20 = 0. Let b(q) = -q**2 - 2*q + 1. Calculate b(k).
-2
Let j(p) = -2*p**3 + 6*p**2 + 3*p. Let b(i) = -3*i**3 + 9*i**2 + 5*i. Let n(a) = -5*b(a) + 8*j(a). Let x = -112 + 2. Let v be x/(-40) + (-2)/(-8). What is n(v)?
-3
Let q(w) be the first derivative of 2*w**4 + 2*w**3/3 + 3*w**2/2 - 855. What is q(-2)?
-62
Suppose -152 = 12*k + 16. Let j(r) = -r**3 - 14*r**2 - 5. Give j(k).
-5
Let w be 5*2/10*(-1 + 1). Let i(k) = -k**2 + 2*k - 2. Determine i(w).
-2
Let k(p) = 6*p - 4*p**3 + 5*p**3 - 4831*p**2 + 4825*p**2 - 5. Determine k(5).
0
Let i(v) = -v - 1. Suppose 206 - 216 = -5*z. Give i(z).
-3
Let a = 20 - 13. Suppose 0 = -5*t - a + 27, -3*v - 5*t = -26. Let d(j) = -4*j**2 + 2*j. Determine d(v).
-12
Let k(l) be the third derivative of -3*l**4/8 - l**3/3 - 282*l**2. Determine k(-3).
25
Let j be (-3)/(-3) + -6 + 3. Let o be -5*(-9)/(-30)*j. Let t(c) = -9*c**2 + 5*c**2 + 2*c - 1 + 2*c + c**o - c**2. What is t(4)?
-1
Let j(k) = k**2 + 5*k + 5. Let a(h) = 2*h**2 + 5*h + 5. Let z(x) = 2*a(x) - 3*j(x). Suppose -5*s - 32*q = -29*q - 28, 4*s - 4*q = 16. What is z(s)?
-5
Let q(a) = -a**2 - 1. Let b(k) = 2*k - 2. Let r be b(-4). Let z = r - -15. Let v be (-18)/45 - 3/z. What is q(v)?
-2
Suppose -19*x = -15*x + 36. Let h be -2 - 1 - 6*6/x. Let b(q) = 3*q**3 + 2*q**3 + 0 + q**2 - 1. Calculate b(h).
5
Let n = -10 + 12. Suppose 0*l + n*l = 8. Let h(z) = z + 1. Let s(g) = -g**2 + 2*g - 7. Let o(u) = 4*h(u) + s(u). Determine o(l).
5
Let j(v) = v**2 - 3*v + 2. Let t(d) = d - 1. Let h = 16 + -22. Let c(l) = h*t(l) - j(l). Calculate c(-5).
-6
Let k(v) = v**2 - 12. Let d(i) = -i**2 - i + 5. Let s be d(-5). Let m be ((-56)/20)/(6/s). Suppose 0 = 9*o - m*o. What is k(o)?
-12
Let l(x) be the first derivative of x**3/3 - 2*x**2 + 6*x - 18. Let n(u) = -8*u - 11. Let d be n(-2). Calculate l(d).
11
Suppose 3*o - 1 = -5*p, -3*o + p + 25 = -0*p. Suppose 0 = -w + o - 5. Let h(g) = -2*g**w - 1 + g - 6*g + g**2 - 2*g. What is h(-5)?
9
Let t(a) be the first derivative of -2*a**3/3 - 957. Let y(m) = -m**2 + 6*m - 1. Let c be y(6). Determine t(c).
-2
Suppose 3*i + 2*n = 14 - 0, 4*i - 24 = -4*n. Let s(c) = i + 56*c**2 - 57*c**2 - 9*c - 5*c. Determine s(-14).
2
Suppose -22*g + 470 = -69*g. Let y(h) = -h**2 - 11*h - 10. Determine y(g).
0
Suppose -i - 4 = 0, 2*i + 0 = -u - 4. Let o(t) = 22 - 3*t - u*t - t**2 